ivided by 75.
4
Calculate the remainder when 606 is divided by 21.
18
What is the remainder when 131 is divided by 38?
17
What is the remainder when 870 is divided by 304?
262
Calculate the remainder when 5632 is divided by 703.
8
What is the remainder when 2708 is divided by 129?
128
What is the remainder when 4535 is divided by 753?
17
What is the remainder when 1193 is divided by 78?
23
Calculate the remainder when 1813 is divided by 18.
13
What is the remainder when 889 is divided by 222?
1
Calculate the remainder when 326 is divided by 15.
11
Calculate the remainder when 141 is divided by 64.
13
Calculate the remainder when 1817 is divided by 13.
10
What is the remainder when 152 is divided by 54?
44
Calculate the remainder when 2098 is divided by 260.
18
What is the remainder when 498 is divided by 28?
22
Calculate the remainder when 191 is divided by 47.
3
Calculate the remainder when 8633 is divided by 40.
33
What is the remainder when 2757 is divided by 12?
9
Calculate the remainder when 1837 is divided by 10.
7
Calculate the remainder when 293 is divided by 100.
93
What is the remainder when 1172 is divided by 40?
12
What is the remainder when 331 is divided by 16?
11
Calculate the remainder when 4586 is divided by 170.
166
Calculate the remainder when 1349 is divided by 33.
29
What is the remainder when 594 is divided by 85?
84
What is the remainder when 123 is divided by 33?
24
What is the remainder when 205 is divided by 4?
1
What is the remainder when 14340 is divided by 142?
140
What is the remainder when 82 is divided by 11?
5
Calculate the remainder when 57 is divided by 5.
2
Calculate the remainder when 287 is divided by 16.
15
Calculate the remainder when 138 is divided by 28.
26
What is the remainder when 150 is divided by 78?
72
What is the remainder when 1319 is divided by 20?
19
What is the remainder when 553 is divided by 143?
124
Calculate the remainder when 406 is divided by 94.
30
What is the remainder when 1113 is divided by 162?
141
Calculate the remainder when 115 is divided by 38.
1
What is the remainder when 1067 is divided by 155?
137
What is the remainder when 605 is divided by 76?
73
What is the remainder when 699 is divided by 78?
75
What is the remainder when 296 is divided by 170?
126
Calculate the remainder when 607 is divided by 10.
7
Calculate the remainder when 183 is divided by 8.
7
What is the remainder when 246 is divided by 15?
6
Calculate the remainder when 166 is divided by 87.
79
What is the remainder when 21 is divided by 6?
3
What is the remainder when 284 is divided by 44?
20
Calculate the remainder when 27 is divided by 20.
7
What is the remainder when 122 is divided by 24?
2
Calculate the remainder when 53 is divided by 14.
11
Calculate the remainder when 439 is divided by 37.
32
What is the remainder when 202 is divided by 41?
38
Calculate the remainder when 198 is divided by 74.
50
What is the remainder when 130 is divided by 52?
26
What is the remainder when 258 is divided by 44?
38
Calculate the remainder when 255 is divided by 76.
27
Calculate the remainder when 215 is divided by 109.
106
Calculate the remainder when 240 is divided by 3.
0
What is the remainder when 642 is divided by 209?
15
Calculate the remainder when 1152 is divided by 61.
54
What is the remainder when 51 is divided by 18?
15
Calculate the remainder when 80 is divided by 10.
0
Calculate the remainder when 83 is divided by 42.
41
What is the remainder when 1004 is divided by 12?
8
Calculate the remainder when 13994 is divided by 1998.
8
What is the remainder when 327 is divided by 63?
12
Calculate the remainder when 123 is divided by 115.
8
Calculate the remainder when 332 is divided by 20.
12
What is the remainder when 123 is divided by 28?
11
Calculate the remainder when 250 is divided by 51.
46
Calculate the remainder when 182 is divided by 162.
20
What is the remainder when 1966 is divided by 4?
2
Calculate the remainder when 478 is divided by 8.
6
What is the remainder when 2173 is divided by 17?
14
What is the remainder when 217 is divided by 59?
40
Calculate the remainder when 99 is divided by 26.
21
What is the remainder when 1089 is divided by 46?
31
Calculate the remainder when 6130 is divided by 146.
144
Calculate the remainder when 99 is divided by 15.
9
What is the remainder when 182 is divided by 179?
3
What is the remainder when 2899 is divided by 153?
145
Calculate the remainder when 749 is divided by 43.
18
Calculate the remainder when 3312 is divided by 1643.
26
Calculate the remainder when 185 is divided by 33.
20
Calculate the remainder when 178 is divided by 174.
4
What is the remainder when 442 is divided by 111?
109
What is the remainder when 644 is divided by 43?
42
Calculate the remainder when 7347 is divided by 105.
102
What is the remainder when 376 is divided by 80?
56
What is the remainder when 566 is divided by 19?
15
What is the remainder when 401 is divided by 202?
199
Calculate the remainder when 97 is divided by 22.
9
What is the remainder when 986 is divided by 241?
22
What is the remainder when 586 is divided by 282?
22
Calculate the remainder when 318 is divided by 80.
78
Calculate the remainder when 186 is divided by 18.
6
Calculate the remainder when 771 is divided by 13.
4
Calculate the remainder when 116 is divided by 48.
20
What is the remainder when 166 is divided by 19?
14
Calculate the remainder when 717 is divided by 279.
159
Calculate the remainder when 62 is divided by 24.
14
What is the remainder when 18 is divided by 4?
2
What is the remainder when 994 is divided by 89?
15
What is the remainder when 291 is divided by 21?
18
What is the remainder when 243 is divided by 4?
3
What is the remainder when 719 is divided by 120?
119
What is the remainder when 591 is divided by 18?
15
What is the remainder when 100 is divided by 34?
32
Calculate the remainder when 236 is divided by 34.
32
What is the remainder when 171 is divided by 130?
41
Calculate the remainder when 138 is divided by 36.
30
What is the remainder when 252 is divided by 86?
80
Calculate the remainder when 1213 is divided by 372.
97
What is the remainder when 137 is divided by 26?
7
Calculate the remainder when 268 is divided by 27.
25
What is the remainder when 718 is divided by 24?
22
Calculate the remainder when 904 is divided by 65.
59
Calculate the remainder when 371 is divided by 13.
7
Calculate the remainder when 2361 is divided by 13.
8
Calculate the remainder when 287 is divided by 32.
31
What is the remainder when 596 is divided by 156?
128
Calculate the remainder when 659 is divided by 55.
54
Calculate the remainder when 705 is divided by 59.
56
What is the remainder when 518 is divided by 106?
94
Calculate the remainder when 431 is divided by 89.
75
What is the remainder when 731 is divided by 61?
60
What is the remainder when 543 is divided by 543?
0
What is the remainder when 135 is divided by 34?
33
What is the remainder when 924 is divided by 183?
9
What is the remainder when 91 is divided by 38?
15
Calculate the remainder when 4847 is divided by 4.
3
Calculate the remainder when 3317 is divided by 4.
1
What is the remainder when 197 is divided by 68?
61
What is the remainder when 645 is divided by 11?
7
Calculate the remainder when 106 is divided by 78.
28
Calculate the remainder when 2497 is divided by 119.
117
What is the remainder when 1742 is divided by 6?
2
What is the remainder when 1189 is divided by 193?
31
What is the remainder when 348 is divided by 7?
5
Calculate the remainder when 69 is divided by 24.
21
Calculate the remainder when 627 is divided by 82.
53
Calculate the remainder when 385 is divided by 43.
41
Calculate the remainder when 5252 is divided by 37.
35
What is the remainder when 199 is divided by 75?
49
What is the remainder when 8500 is divided by 109?
107
What is the remainder when 316 is divided by 64?
60
Calculate the remainder when 61 is divided by 4.
1
What is the remainder when 1270 is divided by 81?
55
Calculate the remainder when 989 is divided by 150.
89
What is the remainder when 62 is divided by 7?
6
Calculate the remainder when 79 is divided by 20.
19
What is the remainder when 2413 is divided by 21?
19
Calculate the remainder when 719 is divided by 3